2*b + k = 2*h. List the prime factors of b.
2
Suppose 35 = 5*n + 5*m, -3*n + n + 3*m + 29 = 0. What are the prime factors of n?
2, 5
List the prime factors of 60/(-8)*(-264)/18.
2, 5, 11
Let g be 0 + 4*(1 + 4). Suppose 0 = a - g + 1. List the prime factors of a.
19
Let r(m) = -10*m + 21. What are the prime factors of r(-12)?
3, 47
List the prime factors of (-325)/5*1/(-1).
5, 13
Let a(p) = 4*p**2 - p - 1. Let s be a(-1). Let r = 5 + -3. List the prime factors of 4/(s - r) + 10.
2, 3
Let s(c) = 3*c - 7. Let p = -10 + 14. What are the prime factors of s(p)?
5
Suppose 31 = 4*h - 2*h - 3*x, x = h - 13. Suppose 4 + h = s. What are the prime factors of s?
2, 3
What are the prime factors of 4440/220 - (-2)/(-11)?
2, 5
Let f be (2/(-6))/((-2)/18). Suppose 5*y - 44 = -f*w + w, 0 = -4*w + 8. What are the prime factors of y?
2
Let d = 0 - -3. Suppose -2*i - 2*c + 56 = 0, -d*c - 49 = -3*i + 17. Suppose i = -4*t + 73. What are the prime factors of t?
2, 3
Let m be 54/(-4) - (-3)/2. Let f = -18 - m. Let t = 2 - f. What are the prime factors of t?
2
What are the prime factors of (-21)/(-9) + 4/(-12)?
2
Suppose 50 = 3*n + c, -1 = n + 5*c + 1. Suppose -14 + 40 = -2*h. Let v = n + h. List the prime factors of v.
5
Let v = 322 - 163. What are the prime factors of v?
3, 53
Let t(r) = 7*r**2 + 3*r + 1. Suppose -5*h + 3 = 13. What are the prime factors of t(h)?
23
Let d(m) = m**2 - 10*m - 13. What are the prime factors of d(14)?
43
Let t = -3 + -2. Let s = t - -10. Suppose s*l - 2*f = -0 + 7, f = 4. What are the prime factors of l?
3
Suppose 8 = -3*u + 47. Let m = u + 11. What are the prime factors of m?
2, 3
Let w(f) = 2*f**2 + 7*f + 5. Let x be w(-4). Let c = -4 + x. Let d = c + 3. What are the prime factors of d?
2
Suppose -5*c = -5 - 15. Let v be 18/8*(-24)/(-9). Let a = v - c. What are the prime factors of a?
2
Let s(w) = -w + 2. Let t be s(-3). Suppose -3*n = t*j + 12, -4*n = -j + 35 + 4. What are the prime factors of (-4)/12 + (-93)/n?
2, 5
Suppose -13 - 35 = -4*h. List the prime factors of h.
2, 3
Suppose -2*p - 109 = -3*s, -2*s - 4*p + 61 = -3*p. What are the prime factors of s?
3, 11
List the prime factors of 18/(-48) + (-1179)/(-8).
3, 7
Let i be 5/15*1*6. Suppose -2*j = -2*f + 2, i*j + 8 = -0*j + 5*f. Suppose -o + 1 = -j. List the prime factors of o.
2
Let t(o) = -o**2 + 5*o + 7. Let v be t(5). Let l = 4 - 0. Suppose l*h - v - 21 = 0. What are the prime factors of h?
7
Suppose -1 = -2*j - 5*i, 4*j - i + 4*i - 9 = 0. Suppose x - 17 = -j. What are the prime factors of x?
2, 7
Suppose 0*k - 11 = -5*f - k, 0 = f - 2*k. Suppose f*p - z - 5 = 0, 5 = 3*p + 3*z + 2. Suppose -5*s = -12 + p. List the prime factors of s.
2
List the prime factors of (28/21)/(6/81).
2, 3
Suppose -6*m = 63 - 1515. What are the prime factors of m?
2, 11
Suppose -129 = -0*x - 3*x - 2*n, 0 = -n. List the prime factors of x.
43
Suppose 3*b - 180 - 78 = 0. What are the prime factors of b?
2, 43
Suppose -4*y + 5*a + 73 + 88 = 0, 0 = -5*y + a + 175. What are the prime factors of y?
2, 17
Let g = -6 - -9. Let k(c) = 13*c - 2. What are the prime factors of k(g)?
37
Suppose 0 = -l + 4, 0 = -5*j - 2*l + 5*l + 3. Suppose -3*u + j*o + 3 = -u, -5 = -4*u + 5*o. Suppose -y - 2*y + 54 = u. List the prime factors of y.
2, 3
Suppose 0 = -4*c - 0*c + 60. Let r = -6 + c. What are the prime factors of r?
3
Let n = -47 + 33. Let m = n - -9. Let q(d) = d**3 + 5*d**2 - 2*d - 3. List the prime factors of q(m).
7
Let m = -12 - -6. Let j = 18 + m. What are the prime factors of j?
2, 3
Suppose 0 = -5*g - 5*z + 1790, 0*z = -g - 2*z + 355. List the prime factors of g.
19
Let l be (2/2)/(1 - 2). List the prime factors of (-10 - (-4 + 1))*l.
7
Let z(r) = -r**3 + 5*r**2 + 5*r + 8. Let l be z(6). Let c = 23 - l. List the prime factors of c.
3, 7
Let j be (6/4)/(3/18). Let c = -6 + j. Suppose -c*n + 2 = -31. List the prime factors of n.
11
Let s be -2 - (-2 + 6)*-1. Suppose -2 = s*f - 0. List the prime factors of 1/((-3)/(-18)) + f.
5
Suppose 2*g - 8 = -0*g - z, 2*z = 3*g + 2. Suppose 4*f = -3*d + 29, 18 = g*f - 2*d - 14. What are the prime factors of f?
11
Suppose -5*j - d + 780 = -j, 195 = j - 3*d. List the prime factors of j.
3, 5, 13
Let x = -15 - -12. What are the prime factors of (-7 - -2)/(1/x)?
3, 5
Let h(w) = -6*w + 4. Let q be h(-3). Let t = q - 14. Suppose -t = -4*a - 0*a. What are the prime factors of a?
2
Suppose 2*t + 2 = -0*t. List the prime factors of t/3 + 301/21.
2, 7
Suppose 20 = -2*i + 94. Suppose 0 = -5*g - 3*x + i, 9 = 4*g + 5*x - 18. List the prime factors of g.
2
Let y = 9 + -7. What are the prime factors of y?
2
Suppose -4*j + 18 = 6. Suppose 0 = -2*q + 4*a + 26, -j*q + 79 = -0*a + 2*a. What are the prime factors of q?
23
Let o = 6 + -12. Let v = o - -4. What are the prime factors of v/(-3)*(-3)/(-1)?
2
Suppose -r - r = -4. Let y(z) = -4*z**2 - z**r - 7*z + 4 + 4*z**2. What are the prime factors of y(-6)?
2, 5
Let s = 34 + 16. List the prime factors of s.
2, 5
Let f = 31 + -26. Let v be (10/(-6))/((-2)/6). Suppose 3*m = -2*w + 39, f*w + v*m + 50 = 140. What are the prime factors of w?
3, 5
Let a(w) = 15*w**2 - 1. Let j = -8 - -9. List the prime factors of a(j).
2, 7
Suppose 3*k = 8*k + 30. List the prime factors of 3/k - 45/(-6).
7
Let m(z) = -2*z**2 - z. Let w be m(-2). Let h(g) = -g - 4. What are the prime factors of h(w)?
2
Suppose v + 6 = -2*v. Let t be -5*v*(-1)/(-2). Suppose -3*l - 5*m + 43 = 0, t*l + m = -m + 40. List the prime factors of l.
2, 3
Let k = -158 + 194. List the prime factors of k.
2, 3
Let y(h) = -6*h + h - 7 + 1. Suppose -5*v - 3*b = b + 41, -3*v + 3*b - 3 = 0. List the prime factors of y(v).
19
Suppose -3*j = 4*s + 46, 4*s = 2*j + 3*s + 38. Let c = j - -37. What are the prime factors of c?
19
Let t(d) = -11*d**3 - 1. Let y be (1 + 0)*(-2)/(-2). Let n be t(y). Let w = -5 - n. List the prime factors of w.
7
Let s = 85 + -57. List the prime factors of s.
2, 7
Suppose 2*j - 21 - 3 = 0. Suppose -4*o = -52 + j. List the prime factors of o.
2, 5
What are the prime factors of (-12)/(-4 + 10/3)?
2, 3
Suppose 5*g = -4*i + 384, -i - 2*g + 61 = -38. List the prime factors of i.
7, 13
Let i = 83 - 31. List the prime factors of i.
2, 13
Suppose 2*x - 2 - 2 = 0. Suppose x*n - n = 0. Suppose 3*s - 7 - 37 = t, -4*s - 3*t + 50 = n. List the prime factors of s.
2, 7
Suppose 2*f - 2*b = 3*f - 15, 5*f = 5*b. List the prime factors of 3*f - (-2)/(-2).
2, 7
Let d = -41 - -156. What are the prime factors of d?
5, 23
Let v = 98 + -48. Let y = 14 + -10. Suppose q + 2*x = 10, q + y*q - 2*x = v. What are the prime factors of q?
2, 5
Let r(k) = -9*k**3 + k**2 + 2. What are the prime factors of r(-2)?
2, 3, 13
Let i = -13 + 24. Suppose -3*x = i - 32. List the prime factors of x.
7
Let c = -31 + 166. What are the prime factors of c?
3, 5
Let a = 22 - 19. What are the prime factors of a?
3
Let v(i) = -i**2 + 7. Let a be v(5). Let s = a + 26. Let y(x) = 2*x - 5. List the prime factors of y(s).
11
Let r(t) be the third derivative of t**5/30 - t**4/24 - t**3/2 - 2*t**2. Suppose p + 1 - 4 = 0. What are the prime factors of r(p)?
2, 3
Let m be (-2)/8 + 51/12. Let h = 1 - m. What are the prime factors of 12 - (-1 - -1)/h?
2, 3
Let z = 0 + 8. List the prime factors of z.
2
Let t(y) = y**2 + 6*y + 5. List the prime factors of t(5).
2, 3, 5
Let t = -6 + 6. Suppose 4*w + t*v = -4*v - 8, 5*w + v = -10. What are the prime factors of (w/(-6))/(1/45)?
3, 5
Suppose 207 = 2*p + 2*p - 3*a, 0 = -p - 2*a + 38. What are the prime factors of p?
2, 3
Let v = -30 - -11. Let w = -6 - v. What are the prime factors of w?
13
Suppose 5*a + 10 = -2*z, -5*z + 2*a = -2*a - 8. Suppose z = -n - 4*n. Suppose -3*t - 22 + 79 = n. What are the prime factors of t?
19
Let k(d) = -7*d. Let f be k(-5). Suppose 110 - f = 5*i. What are the prime factors of i?
3, 5
Let u = -8 + 17. Suppose -23 = -2*f + 5*g, 18 = -3*f + 2*g - 5*g. List the prime factors of (3/u)/(f/(-27)).
3
Suppose 5*l - g = 3*g + 31, -29 = -4*l - g. Suppose -1 = 3*y - l. Suppose -y*a - 3 = -15. What are the prime factors of a?
2, 3
Let i(o) = -o**3 - o**2 - o + 11. Let h = -3 - -2. Let u be (h - -1)/((-4)/(-2)). What are the prime factors of i(u)?
11
Let f be (2/5)/(1/30). Let u be 9/2 + 1/(-2). Suppose 4*m - 42 = -5*p + 2*m, -u*m - f = -2*p. List the prime factors of p.
2
